t of w?
3
Suppose 4*d = 82*d - 734682. What is the thousands digit of d?
9
Let x = -194 + 106. Let v = x + 93. Suppose -v*w - 1025 = -10*w. What is the tens digit of w?
0
Suppose -53*u + 2319060 = 98*u + 181353. What is the thousands digit of u?
4
Let g = -159 + 908. Suppose -y + 6*y = 5*f - 935, -3*y = -4*f + g. What is the units digit of f?
8
What is the units digit of (2 + (-24)/(-60))/((-4)/(-11550))?
0
Suppose -2*v + 77 + 285 = 0. Suppose -4*g + v = -59. Suppose 3*j + h = 7*j - 300, -j + 4*h = -g. What is the tens digit of j?
7
Suppose 0 = 6*y - y - 2*r - 339, -348 = -5*y - r. Suppose -89*s = -y*s - 11740. What is the units digit of s?
7
Let k = 19 + 24. Let w = -10 + k. Suppose r - 33 - w = 0. What is the tens digit of r?
6
Let l(b) = b**2 - 3*b - 12. Let g be (-4)/(-8) - (-17)/2. Let q be l(g). Suppose 5*h + 70 = 2*m, q = m + 2*h - h. What is the tens digit of m?
4
Let d(w) = -3*w - 3. Let r be d(-2). Let z be (2 + r - 3)/(-2). What is the units digit of 1 - z/(-3) - (-242)/33?
8
Let l(r) be the first derivative of r**4/4 + 31*r**3/3 + r**2/2 + 36*r + 44. Let d be l(-31). Suppose d*n - 45 = -0*n. What is the units digit of n?
9
Let v = -85 - -148. Let m be ((-3)/(v/(-56)))/((-4)/(-6)). Suppose m*g + 3*u - 27 - 34 = 0, 2*g - u = 43. What is the tens digit of g?
1
Suppose -m - 2*t + 8062 = 4*m, -4*m + 5*t = -6410. What is the hundreds digit of m?
6
Let i = -55 - -51. Let n be i + (-14 + -4 - -4). What is the tens digit of (-2)/(-2) - (1 - -1) - n?
1
Let t(h) = -h**3 + 32*h**2 + 34*h - 56. Let q be t(33). Let s(y) = -6*y - 116. What is the tens digit of s(q)?
2
Let c = -5284 + 7880. What is the hundreds digit of c?
5
Let z(j) be the first derivative of j**4/4 - 4*j**3/3 - 2*j**2 - 5*j - 7. Let l be z(5). Suppose l*r = -2*r + 68. What is the tens digit of r?
3
Let b(c) = 6*c**3 - 26*c**2 + 118*c + 405. What is the ten thousands digit of b(16)?
2
Suppose 53*p - 46*p + 301 = 0. Let c = 86 - p. What is the tens digit of c?
2
Let r(h) = 49*h - 150. Let i be r(-5). Let n = i + 803. What is the tens digit of n?
0
Suppose r + 4 = 4*j, -3 = -4*r - j + 15. Let l be 1/(-2) + 10/4. Suppose r = -4*i, -v + 33 = -l*i - 2*i. What is the units digit of v?
9
Suppose 6*z - 9*z - 348 = 0. Let g = 121 + z. Suppose 0 = 4*w + 2 - 10, g*w - 1030 = -4*a. What is the units digit of a?
5
Let a = -86 - -114. What is the hundreds digit of ((-7)/a)/((-3)/9732)?
8
Let u be (-1 + 10)*(44 + -45). What is the units digit of (0 - 2093/(-21)) + 6/u?
9
Suppose -4*o = 30 + 18. What is the hundreds digit of (-3429)/(-12) + 9/o?
2
Suppose 38*f = 43*f + 100. Let n be 3/4 + 255/f. Let c = -9 - n. What is the units digit of c?
3
Let k(b) = 969*b - 801. What is the units digit of k(18)?
1
Let z(h) = 2*h + 15. Let f be z(-8). Suppose -26*d + 22*d - 96 = 0. What is the tens digit of ((5 - f)/2)/(d/(-640))?
8
What is the tens digit of (-10186)/(-66)*(10 + (3 - 4))?
8
Suppose -3*q = 12, 2*c + 4*q = 2 - 0. Suppose 0 = 4*v - 5*g - 2107, 0 = 13*g - c*g - 4. What is the units digit of v?
8
Let z be (3 - -1) + -4 + 0. Suppose 0 = r - 3 + 2. What is the hundreds digit of 85*(z + 2) + r?
1
Suppose -4*s = 1 + 11, 0 = 4*q + 2*s - 46. Suppose 4*t - 3*r - 8 = q, -2*t = 2*r - 14. What is the tens digit of (-903)/(-14)*8/t?
8
Let v(t) = 164*t + 8. Let k(z) = z**2 + 24*z - 21. Let o be k(-25). What is the tens digit of v(o)?
6
Let y(p) = p**2 - 17*p - 15. Let n be y(-11). Let o = n + 129. What is the tens digit of o?
2
Suppose 10114 + 17155 = t - 5665. What is the tens digit of t?
3
What is the tens digit of (-86)/1462 - (-165990)/34?
8
Suppose 0 = -2*y - 2*v - 1000, 3*v + 1005 = -2*y + 2*v. Let j = 348 + y. Let k = 221 + j. What is the tens digit of k?
6
Suppose 12 = -0*c + 3*c. Suppose 5*u - 3*k = -250, 3*u + c*k + 150 = -k. Let l = 53 + u. What is the units digit of l?
3
Let f be -1*(-207)/36 - 2/(-8). Let v(q) = 15*q - 5. What is the tens digit of v(f)?
8
Let j(d) = 169*d**3 + 1. Let f(r) = -2*r**2 + 19*r - 21. Let t be f(7). Suppose t = -5*x + 19*x. What is the hundreds digit of j(x)?
1
Suppose -4*b + 1056 = 7*b. Suppose -b = -q + 4*k, -3*q + 0*q + 327 = k. Let l = q - -172. What is the tens digit of l?
8
Let w = -207 - -106. Suppose 0 = -4*i - i - 110. Let p = i - w. What is the tens digit of p?
7
Let a(w) = -w**3 + 6*w**2 + 23*w + 656. What is the tens digit of a(-17)?
1
Let f(c) = 8*c**2 - 21*c + 253. What is the tens digit of f(9)?
1
Suppose -3231*h + 3218*h + 161525 = 0. What is the thousands digit of h?
2
Suppose 65*v = 465815 + 303460. What is the units digit of v?
5
Suppose 8*i = -7*i + 30. Suppose -g = i*c - 284, -4*c = -g - 3*c + 278. What is the hundreds digit of g?
2
Let s(p) = 82 - 40 - 13*p**2 + 14*p**2. Let h(j) = -j**3 + 6*j**2 + 2*j - 3. Let d be h(6). What is the hundreds digit of s(d)?
1
Let f = -257 - -169. Let l = f + 94. Suppose n - 770 = -l*n. What is the units digit of n?
0
Let j be (3 - (-1)/1)/((-2)/10). Let g be 2 - (1 - j/(-4)). Suppose 210 = g*o - 630. What is the hundreds digit of o?
1
Let v = -116 + 107. Let x(g) = 9 + 9*g**2 + g**3 - 1 - 5*g + g + 5. What is the tens digit of x(v)?
4
Let c = -53 + 93. Suppose 4*z - 1544 = -4*i, c = -4*z - 3*i + 1581. What is the hundreds digit of z?
3
Let n(i) = 51*i**2 + 8*i + 7. Let p be n(-1). Let a(s) = s**2 - 1. Let z be a(0). Let t = p - z. What is the tens digit of t?
5
Let u(c) = 5*c**2 - 19*c - 16. Let l = 480 + -490. What is the units digit of u(l)?
4
Suppose -10*f - 49 = 21. What is the tens digit of (-3)/f - (-17360)/196?
8
Suppose 0 = 5*a + 5*p, 2*a - 5*p = 5*a. Suppose a = -y - 77 - 38. Let c = y - -227. What is the hundreds digit of c?
1
Let f(j) = -48*j**2 + 6*j - 27. Let g be f(5). Let b = 1733 + g. What is the hundreds digit of b?
5
Let x be ((-16)/(-8) + -3)*110. Let z = -128 - -65. Let g = z - x. What is the tens digit of g?
4
Let b be 0*(-2)/(-1)*1/(-2). Suppose b = -4*h - h + 1395. What is the units digit of h?
9
Let o be 6/4 - 27/(-6). Let f(l) = l**3 - 5*l**2 - 2*l - 5. Let r be f(o). Suppose 20*n = r*n + 104. What is the tens digit of n?
0
Suppose 163*u = 154*u + 89541. What is the hundreds digit of u?
9
Let j = -173 - -194. Suppose 0 = 18*f - j*f + 924. What is the tens digit of f?
0
Let a(k) = k**3 + k**2 - 2*k + 1. Let n be a(2). Suppose -c + x = -396, -4*x + 1998 = -4*c + n*c. What is the units digit of c?
8
Let c be (-1 - -1)*(-4)/8. Suppose c = -7*x + 4*x + 759. What is the hundreds digit of x?
2
Let r = -79 - -84. Suppose r*n + n = 1464. Let p = 358 - n. What is the hundreds digit of p?
1
Suppose 4*c - 5*k = 41660 + 26134, 135560 = 8*c + 4*k. What is the thousands digit of c?
6
Let o(l) = 904*l + 2743. What is the tens digit of o(26)?
4
Let u(i) = -i - 11. Let n be u(-21). Suppose 0 = -38*y + 40*y - n. What is the units digit of -26*((y - 3) + -4)?
2
Let d(o) = 11*o + 79. Let v(t) = 12*t + 80. Let g(r) = -5*d(r) + 4*v(r). What is the units digit of g(-11)?
2
Let n(m) = 46*m - 26. Let q be n(3). Let d = 785 - q. What is the tens digit of d?
7
Let g = -2741 - -1822. Let t = 1427 + g. What is the tens digit of t?
0
Suppose -2*w = n + 44, -w + 13 - 29 = 2*n. Let s be ((-280)/w)/((-1)/15). Let b = s - -315. What is the hundreds digit of b?
1
Let b be ((-20)/16 - 0)*32. Let y = b - -995. What is the hundreds digit of y?
9
Let v = 3990 + -462. What is the units digit of v?
8
Suppose 8*n - 587 = 293. Suppose h - n - 102 = 0. What is the tens digit of h?
1
Suppose 0 = -0*w - 4*w + 4. Let a be (-6)/(-4) - w - 17/2. What is the hundreds digit of 290*((-20)/a - 2)?
1
What is the tens digit of (-3942)/(((-100)/(-80))/((-15)/9))?
5
Let f(y) = -14*y - 14. Let s be f(6). Let r = s - -90. What is the units digit of 12/(-6 + 4)*212/r?
9
Suppose -5*n - 6*z + 77087 = -5*z, -z - 77083 = -5*n. What is the hundreds digit of n?
4
Let h(q) = 141*q - 32. Let p be h(13). Suppose p = 5*a - 6*d + 3*d, -12 = -4*d. What is the units digit of a?
2
Let b be 1/((-5)/(-2880)) - (-1 + 4). What is the hundreds digit of (-5 - -15)*b/6?
9
Let s = -2466 - -6207. What is the hundreds digit of s?
7
Let t(x) = 5*x**2 - 21*x + 1. Let p be t(4). What is the units digit of (3/p + 3)*(-2564)/(-8)?
1
Let h(m) = m**2 + 19*m + 24. Let j be h(-7). Let p = j + 63. Let n(v) = 62*v + 5. What is the units digit of n(p)?
1
Suppose -15 = -3*s + 2*y, 